?
True
Does 13 divide 1330770480?
True
Does 32 divide 12770688?
True
Is 2 a factor of 47509707?
False
Does 5548 divide 940286060?
False
Is 979837942 a multiple of 314?
True
Is 20810548 a multiple of 11?
True
Is 35156888 a multiple of 104?
True
Does 719 divide 841845294?
False
Is 1466783530 a multiple of 71?
False
Does 74 divide 1314808024?
True
Does 17 divide 1772829639?
False
Does 56 divide 16063656?
True
Does 16 divide 42425714?
False
Does 2612 divide 74220179?
False
Does 125 divide 16038780?
False
Does 19 divide 40939125?
False
Does 349 divide 694664256?
False
Does 120 divide 282193534?
False
Is 553890914 a multiple of 39?
False
Does 125 divide 57619375?
True
Is 1278 a factor of 249302150?
False
Is 61449945 a multiple of 2937?
False
Is 156 a factor of 130682136?
True
Does 71 divide 13248245?
True
Is 7 a factor of 10566907?
False
Does 30 divide 293866790?
False
Is 13 a factor of 116940793?
False
Is 76 a factor of 18637100?
True
Is 166279544 a multiple of 332?
True
Is 1023471308 a multiple of 379?
True
Does 25 divide 25034600?
True
Is 21106274 a multiple of 3?
False
Is 33278559 a multiple of 399?
False
Does 245 divide 34507664?
False
Is 201423413 a multiple of 8?
False
Is 17766558 a multiple of 4?
False
Is 16 a factor of 49582976?
True
Does 1901 divide 119773827?
False
Is 1597736 a multiple of 412?
True
Is 22 a factor of 4635180?
True
Is 94 a factor of 319907380?
True
Is 316670669 a multiple of 2513?
True
Is 113 a factor of 720981?
False
Is 4032 a factor of 1534381921?
False
Is 42549553 a multiple of 4?
False
Does 393 divide 365791599?
False
Is 785472656 a multiple of 116?
True
Is 186 a factor of 189419417?
False
Does 1770 divide 79527864?
False
Is 2572 a factor of 2212451763?
False
Is 141 a factor of 389039576?
False
Is 24 a factor of 451126824?
True
Is 254007958 a multiple of 503?
True
Is 697519005 a multiple of 1329?
True
Is 21072766 a multiple of 10?
False
Does 263 divide 16858813?
False
Is 3 a factor of 6816292?
False
Is 216529 a multiple of 6?
False
Does 811 divide 39421088?
True
Does 148 divide 292162212?
True
Does 35 divide 27119680?
True
Is 15 a factor of 261030390?
True
Is 106 a factor of 32736192?
True
Is 1287037397 a multiple of 90?
False
Does 5 divide 240744126?
False
Is 331 a factor of 794632970?
False
Does 1116 divide 249316145?
False
Does 96 divide 15011192?
False
Is 2748508 a multiple of 63?
False
Is 194 a factor of 159134126?
True
Does 121 divide 206639807?
True
Does 13 divide 490534103?
False
Is 802633152 a multiple of 124?
True
Is 216061312 a multiple of 103?
False
Is 1801472 a multiple of 454?
True
Is 80 a factor of 2055866?
False
Is 2 a factor of 4914348?
True
Is 520 a factor of 14062360?
True
Does 2 divide 22251488?
True
Is 2709744768 a multiple of 423?
True
Is 987049554 a multiple of 46?
True
Is 36 a factor of 11000675?
False
Is 49 a factor of 200158622?
False
Is 197632446 a multiple of 5258?
True
Is 12 a factor of 15348205?
False
Is 73 a factor of 304624188?
False
Is 1855624 a multiple of 4?
True
Is 329610898 a multiple of 4437?
False
Does 1838 divide 98101412?
True
Is 142300122 a multiple of 1167?
False
Does 126 divide 153709272?
False
Does 96 divide 20445024?
True
Does 11 divide 129166502?
False
Is 1005845664 a multiple of 34?
True
Does 76 divide 118666735?
False
Is 50 a factor of 3018961998?
False
Is 2565 a factor of 51571890?
True
Does 187 divide 16788860?
True
Is 69 a factor of 56433444?
True
Is 224073250 a multiple of 125?
True
Is 596254641 a multiple of 8643?
True
Is 6436076 a multiple of 148?
True
Is 1207 a factor of 41069515?
False
Is 2227792 a multiple of 717?
False
Does 31 divide 348894022?
False
Is 82 a factor of 20546494?
True
Is 9222687 a multiple of 16?
False
Does 27 divide 8860002?
False
Is 11 a factor of 100264297?
False
Does 10 divide 14506737?
False
Is 1590 a factor of 28470677?
False
Is 310 a factor of 1109583310?
True
Is 3327 a factor of 257207043?
True
Is 736483000 a multiple of 9430?
True
Is 58 a factor of 40254206?
False
Is 1405547 a multiple of 143?
True
Is 78063276 a multiple of 33?
False
Is 34 a factor of 255111282?
True
Is 138418560 a multiple of 160?
True
Is 1222626663 a multiple of 12?
False
Is 59 a factor of 64209735?
False
Does 48 divide 55810191?
False
Is 35 a factor of 1933898063?
False
Is 8647821 a multiple of 21?
True
Does 217 divide 34629598?
False
Is 24397950 a multiple of 1569?
True
Is 167459610 a multiple of 71?
False
Does 2 divide 587051?
False
Is 92228080 a multiple of 280?
True
Does 74 divide 48335690?
True
Does 9 divide 96211509?
False
Is 21833424 a multiple of 402?
True
Is 63889847 a multiple of 1355?
False
Does 175 divide 25326875?
True
Is 160927502 a multiple of 2966?
False
Is 1068316949 a multiple of 4552?
False
Is 2503572786 a multiple of 143?
True
Is 115 a factor of 1048909365?
True
Does 166 divide 398894016?
True
Is 11 a factor of 140282234?
False
Does 4769 divide 721888299?
True
Does 24 divide 617038771?
False
Does 5 divide 37332830?
True
Is 936794658 a multiple of 6973?
True
Does 922 divide 38963720?
True
Does 6986 divide 454955500?
False
Is 3330 a factor of 15254730?
True
Is 152952720 a multiple of 258?
True
Is 146 a factor of 334436798?
True
Is 414748229 a multiple of 70?
False
Is 69248527 a multiple of 1453?
True
Is 171845270 a multiple of 52?
False
Is 223487264 a multiple of 1232?
True
Is 1742304 a multiple of 96?
True
Is 7775 a factor of 258798667?
False
Is 10 a factor of 7961555?
False
Is 3288 a factor of 137097251?
False
Is 6153207 a multiple of 57?
True
Is 23 a factor of 3750311?
True
Is 347 a factor of 1446936171?
False
Is 58 a factor of 232770748?
False
Is 8229030 a multiple of 6?
True
Is 23499050 a multiple of 108?
False
Does 2 divide 6012638?
True
Is 131815479 a multiple of 35?
False
Is 4421 a factor of 943096562?
True
Is 97844298 a multiple of 501?
True
Does 875 divide 278283963?
False
Is 347780050 a multiple of 25?
True
Is 6 a factor of 1435507?
False
Is 446 a factor of 23407287?
False
Is 6 a factor of 178541573?
False
Is 17640041 a multiple of 74?
False
Does 5 divide 224672740?
True
Is 18 a factor of 722029448?
False
Is 51 a factor of 122804787?
True
Does 67 divide 466019799?
False
Does 36 divide 556990646?
False
Does 24 divide 95509360?
False
Is 62 a factor of 115271764?
True
Is 22 a factor of 869550110?
True
Does 130 divide 142170244?
False
Is 1694471640 a multiple of 30?
True
Does 96 divide 23179543?
False
Is 62 a factor of 1494795382?
False
Is 29 a factor of 407938824?
True
Does 27 divide 63460799?
False
Is 127 a factor of 108653439?
False
Does 5787 divide 3179302569?
True
Is 514 a factor of 26433554?
False
Does 16 divide 740553440?
True
Is 18 a factor of 24589836?
True
Is 8402576 a multiple of 91?
True
Is 336729156 a multiple of 1878?
True
Is 3174920 a multiple of 115?
True
Is 364 a factor of 165872252?
True
Does 6 divide 639305347?
False
Does 876 divide 1034122487?
False
Is 581060380 a multiple of 1220?
True
Does 15 divide 47534191?
False
Is 1019817449 a multiple of 7028?
False
Is 1004 a factor of 229081139?
False
Is 9 a factor of 980028?
True
Is 36506425 a multiple of 25?
True
Does 544 divide 20462560?
True
Is 12 a factor of 25642883?
False
Is 2342 a factor of 104155766?
True
Does 507 divide 818730978?
True
Does 80 divide 1040048285?
False
Is 11804397 a multiple of 193?
False
Is 12 a factor of 829483896?
True
Is 664602435 a multiple of 3708?
False
Is 672722765 a multiple of 330?
False
Is 466 a factor of 184775462?
False
Does 57 divide 2322180?
True
Does 174 divide 130607617?
False
Does 41 divide 14030442?
False
Is 2696422 a multiple of 208?
False
Is 15 a factor of 2145704820?
True
Does 166 divide 1335088532?
True
Does 441 divide 260094744?
True
Does 78 divide 2646737780?
False
Does 6 divide 48764646?
True
Is 855256284 a multiple of 174?
True
Is 17 a factor of 169990650?
True
Is 944 a factor of 5992512?
True
Is 28 a factor of 380734732?
True
Does 11 divide 66082894?
False
Does 103 divide 3386125?
True
Is 270 a factor of 21296847?
False
Is 7 a factor of 15666000?
True
Is 16378544 a multiple of 1456?
True
Is 31 a factor of 599525027?
True
Is 12541120 a multiple of 16?
True
Does 17 divide 86483890?
False
Is 22 a factor of 128405761?
False
Is 143789863 a multiple of 1099?
True
Does 408 divide 763754784?
True
Is 2518200 a multiple of 10?
True
Is